).
0
Let d(q) = -4*q**2 - 17*q + 95. Let j(r) = r**2 + 4*r - 24. Let s(h) = 2*d(h) + 9*j(h). Give s(-8).
22
Let z(i) = i**2 + 6*i + 2. Let k be 10/(-8)*(-15)/25*-72. Let c = k - -50. Calculate z(c).
-6
Let l(n) = 118*n - 4578. Let y be l(39). Let q(m) = m - 34. Give q(y).
-10
Let j(x) = -7 - 15*x + 23*x - 5*x**2 - 2*x. Let y(t) = -4*t**2 + 6*t - 7. Let r(w) = 3*j(w) - 4*y(w). Determine r(5).
2
Let m(b) = b**2 + 9*b + 5. Suppose -19*j + 22*j = 6. Suppose 4*y + 2*a + 3 = -39, -26 = j*y + 2*a. Calculate m(y).
-3
Let f(l) = 16*l**2 + 51*l + 40. Let j be f(-2). Let v(d) be the third derivative of 0 - 5/6*d**3 + 0*d + 1/6*d**4 - 33*d**j. Determine v(6).
19
Let j(b) = -b**2 + 32*b + 949. Let w be j(51). Let z(m) = -m**2 - 26*m - 83. What is z(w)?
37
Suppose -3*z + 408 = -45. Let d be z/9 + 1 + (-7)/9. Suppose -19 - d = 4*i. Let m(t) = t**2 + 10*t + 2. Determine m(i).
-7
Suppose g - 101 = -96. Let o(s) = s**2 - 7*s. What is o(g)?
-10
Let s(f) = f**2 + 9*f - 9. Let v = -1618 - -1609. What is s(v)?
-9
Let s(z) = z**3 + 5*z**2 + 8*z + 4. Suppose -4*r + 3*x = 9, 90*x - 93*x + 6 = -3*r. Give s(r).
-2
Let r(l) = -2*l**2 - 1. Let b(j) = 10*j - j**2 - 38*j + 1 + 3*j**2 + 0*j**2 + j**3 + 19*j. Let s(v) = b(v) + 2*r(v). Give s(4).
-5
Suppose l - 16 = -4*q - 3*l, -3*q + 2*l = -32. Suppose -35*k + 9 = -26*k. Let s be 22/q + k/4. Let a(m) = 2*m**3 - 5*m**2 + 3*m - 3. Determine a(s).
15
Let m = 10255 + -10256. Let z(n) = -112*n - 1. Calculate z(m).
111
Let s(z) = -85*z + 236*z - 78*z - 77*z - 21. Let j be s(-3). Let i(l) = -2*l + 6. Determine i(j).
24
Let s(j) = 0 + j**3 - 2*j - 1 - 2*j**3 - 5*j**2. Let m(a) = 2*a**2 - 5*a - 6. Let b be m(-1). Let u be (1 - b)*(-8)/(-32) - 5. Determine s(u).
9
Let t = 368 + -398. Let a be t*10/(-25)*-1. Let p(k) = -13*k - 3*k**2 + 2*k**2 + 3 - 13. Calculate p(a).
2
Let t(c) = -32. Let y(x) = -83*x - 968. Let n(q) = 2*t(q) - y(q). What is n(-11)?
-9
Suppose -5 = p - 2*p. Suppose 5*h + 2*c = 6, h - 2*c - 2 = 2*h. Suppose -2*v - 5*s + p = 0, -h*v + 3*s + 7 = -6. Let z(x) = x + 1. Give z(v).
6
Let k(h) = -8 + 249*h - 250*h + 1. Let d(g) = -7*g + 8. Let p(t) = d(t) + k(t). Give p(-4).
33
Let y(r) be the third derivative of -r**5/60 - 5*r**4/24 - 2*r**3/3 - r**2. Suppose 85*h + 128*h + 1278 = 0. Determine y(h).
-10
Let y(x) be the third derivative of 5*x**4/12 - 50*x**3/3 + 733*x**2. What is y(11)?
10
Let r(c) be the first derivative of c**4/2 - 9*c**3 + 7*c**2 - 9*c + 383. Calculate r(13).
4
Let a(k) = -21*k + 2. Let w(b) = 17*b - 2. Let o(u) = 4*a(u) + 5*w(u). Let l be -2 + 6 + 3 - 2. Let i = l - -4. Determine o(i).
7
Let z(s) = -35*s + 17*s + 0 + 2. Let i(m) = 13 - 9 - 5 + 5*m + 3*m + 2*m. Let n(w) = 5*i(w) + 3*z(w). Give n(2).
-7
Let f(s) be the third derivative of 7*s**4/24 + 35*s**3/6 - 1271*s**2. What is f(-5)?
0
Let r(k) be the second derivative of -3 + 42*k + 5/2*k**3 - 17/12*k**4 + 1/20*k**5 + 0*k**2. Calculate r(16).
-16
Let m be 9/(-15) - (9 + (-146)/10). Let r(d) = -d**2 + 2*d - 7. Let y(j) = -j**2 + 2*j - 7. Let u(w) = -5*r(w) + 4*y(w). What is u(m)?
22
Suppose 9*r = -21*r + 180. Suppose 25 + 5 = -r*s. Let g(h) = -h**3 - 4*h**2 + h + 1. What is g(s)?
21
Let a(r) = 7*r - 1. Suppose -2*k = -f - 2, 5*k - 2*k + 22 = -f. Let w(v) = 7*v + 67. Let l be w(f). Calculate a(l).
-22
Let k(d) = 98 + 505*d**2 - 500*d**2 - 1297*d**3 + 9*d + 1298*d**3. What is k(-6)?
8
Suppose 0 = -c + 26*t - 24*t + 590, -3*c = -3*t - 1764. Let i = c - 579. Let y(j) = 3*j - 15. Calculate y(i).
6
Let l(q) = -75 + 132*q - 126*q + 41 + 38 - q**3. Determine l(-4).
44
Let a(o) = 3*o**3 + 6*o**2 - 8*o - 4. Let q(z) = 309*z - 930. Let s be q(3). What is a(s)?
-7
Let b(f) = -2*f - 2. Let o(t) = t**3 - 38*t**2 + 35*t + 26. Let r be o(37). Let z = 50 + r. Calculate b(z).
-6
Let n = 8 + -12. Let x(f) be the first derivative of f**3/3 + f**2 - f - 2683. Calculate x(n).
7
Let v(q) = 9*q**2 - 23*q - 24. Let n(c) = 13*c**2 - 36*c - 36. Let k(f) = -11*n(f) + 16*v(f). What is k(-28)?
12
Let y(u) be the second derivative of u**5/20 - 7*u**4/6 + 3*u**3 - 23*u**2 - 23*u + 37. What is y(13)?
19
Let y(n) = n + 1. Let k(r) = -53. Let l(t) = 2*k(t) - 6*y(t). Calculate l(-13).
-34
Let b(i) = -3*i + 2. Let g(s) = -2*s**3 + 7*s**2 - 10*s + 13. Let t(k) = -3*b(k) + g(k). Determine t(5).
-73
Let k(m) = -m**2 + 10. Let x = 494 + -407. Suppose -15 - x = 34*h. Calculate k(h).
1
Let x(j) = 2*j + 3. Suppose 0 = 4*l + 5*o - 33, 4*l + o - 59 + 14 = 0. Suppose 23*a = 19*a + l. Suppose -15 + a = 3*c + 2*q, -12 = 3*c - 4*q. Give x(c).
-5
Suppose -4 - 28 = -8*v. Let y(u) = 3*u + 4*u - v*u**2 + u**3 - 8*u - 5*u. Determine y(5).
-5
Let o(j) be the first derivative of j**4/4 - j**3/3 - j**2/2 - 2*j + 44. Let d(f) = -6*f**3 + 9*f**2 + 11*f + 16. Let q(y) = -d(y) - 5*o(y). What is q(5)?
-11
Let a(p) = 6*p**2 + 2*p + 1. Suppose -473*x = -441*x + 32. Give a(x).
5
Let o(f) be the second derivative of 0*f**3 - 4 + 8*f - 3*f**2 + 1/12*f**4. Calculate o(-4).
10
Let h = -287 - -188. Let t = 101 + h. Let x(b) = 7 + 3*b**2 + t - 8. Give x(1).
4
Let i(d) = d**3 + d**2 - 37*d - 39. Let v be i(-6). Let g(z) = -z**3 + z**2 + 2*z + 1. Calculate g(v).
-11
Let h(p) = -122 - 24*p + 362 - 126 - 114. Determine h(1).
-24
Let f(c) = 8*c**3 - 3*c**2 - 6*c - 11. Let o(l) = 5*l**3 - 2*l**2 - 4*l - 6. Let x(i) = 3*f(i) - 5*o(i). Determine x(4).
-43
Let b(p) = -2*p**3 - 38*p**2 - 66*p - 538. Let l be b(-18). Let n(h) = 15*h**3 - 3*h**2 + 6*h - 4. What is n(l)?
116
Let p = 0 - 11. Let g = p - -5. Let r(b) be the first derivative of -b**2 - 5*b - 23. What is r(g)?
7
Let z be 0 + (-24)/((-6)/2). Let x(s) = -s - 2*s - 4*s + 5*s - 9 + 15. Give x(z).
-10
Suppose -15 = 8*b - 55. Suppose 5*c = -b*t + 35, 15 = 5*t - 10. Let w(f) = 7*f + f**c - 11*f - 5*f + 8. What is w(6)?
-10
Let o(y) = 6*y + 27. Let a(m) = -m - 9. Let x be a(-5). Let g(f) = -f - 4. Let w(q) = x*o(q) - 27*g(q). Determine w(-3).
-9
Let s(f) = -f**3 + 9*f**2 + 7*f + 10. Let w(d) = 14*d + 192. Let n be w(-13). Calculate s(n).
-20
Let t(b) be the second derivative of b**4/12 - b**3/2 - 28*b**2 - 1443*b. Determine t(-6).
-2
Suppose -2*c = 5*z - 12 - 17, 0 = -5*c - z + 107. Let p be 42/(-11) + (-4)/c. Let d(v) be the second derivative of v**4/6 + 2*v**3/3 - v**2/2 + 22*v. Give d(p).
15
Let k(z) be the second derivative of z**5/20 - z**4 + 5*z**3/2 + z**2 + 11*z - 125. Suppose -88 = -2*m - 6*m. What is k(m)?
46
Let z(t) = -47 - 136 + 294*t + 3 + 48 - 316*t. Determine z(-6).
0
Let w(y) = -9*y - 101. Let g be w(-12). Suppose 2*x = 0, n - x + g - 8 = 0. Let f(t) be the third derivative of -7*t**4/24 + t**3/6 - 11*t**2. What is f(n)?
-6
Suppose -14*g + 217 = -286 + 41. Let t(s) = 2*s - 70. Give t(g).
-4
Let s(r) = -6*r**2 + 283*r - 2 + r**3 - 2*r**2 - 273*r. Let n = -927 + 934. Determine s(n).
19
Let s(v) = 9 + v**3 + 0*v**2 - 5*v - 3*v + 7*v**2 - 3*v**2 + 2*v**2. Suppose -82*n = 474 + 100. Give s(n).
16
Let s(c) be the first derivative of -c**4/4 + c**3/3 - c**2/2 - 20*c + 16115. Let d(b) = -b - 3. Let q be d(-3). Determine s(q).
-20
Let k = 1 + 4. Suppose 7*c = 196 - 161. Suppose -13 = -0*b + 4*b - k*u, -5*b + c*u = 15. Let a(m) = m**2 - m - 2. What is a(b)?
4
Let d(j) be the second derivative of j**5/20 + j**4/3 + j**3/2 + j**2/2 + j. Suppose 28334*r = 28380*r + 92. What is d(r)?
3
Let p(m) = m**2 + 3*m + 2. Let t = -289 + 499. Suppose 2 = -2*b, -3*l = -b + t + 185. Let w be (-36)/(-90) + (l/10)/3. Calculate p(w).
6
Let r(l) = 4*l**2 + l + 2. Let w = 10 + -2. Suppose n + w = -22. Let x = -28 - n. Calculate r(x).
20
Let b be 33/(-22) - 7/(-2). Suppose -19 = -2*k - b*k + a, k - 7 = a. Suppose 0 = 3*f - 0*f - 12, 0 = 3*g + k*f - 7. Let v(t) = t**2 + 4. Determine v(g).
13
Let l(f) = -108*f + 813. Let u(a) = 73*a - 540. Let z(v) = -5*l(v) - 7*u(v). Calculate z(10).
5
Let t(x) = -59*x**2 - 62*x - 339. Let k(d) = 46*d**2 + 47*d + 254. Let i(c) = -9*k(c) - 7*t(c). What is i(-5)?
7
Let m be (-14 + 0)*7*(-3)/42. Let k(g) = -3*g**2 + 14*g + 16. Give k(m).
-33
Let k(w) = w**3 + 4*w**2 + w + 5. Let n be k(-4). Let p be -4 - -2 - ((1 - 76) + n). Let u(s) = 35*s + 38*s - p*s + 10. Determine u(-6).
4
Suppose -11*d = 18*d - 812. Suppose k - 3*b = 5*k + d, -5*k = -5*b. Let r(v) = 2*v + 3. Let o(t) = -t - 2. Let c(y) = 5*o(y) + 3*r(y). What is c(k)?
-5
Let l(c) = -2*c - 7. Let u(o) = -91*